- 30. What is i(h)?
1
Let r(b) = 198 + 350 - 552 + 46 + 379 - 27*b. Give r(16).
-11
Let n(c) = -13*c**3 + 2*c + 1. Suppose 2*x + 3 = -5*g + 22, -3*g = -4*x - 1. Suppose 0 = -x*j - 2 + 8. Suppose -j*b - 6 = 3*b. What is n(b)?
12
Let l(h) = -h**3 - h**2 - h - 12. Suppose -4*p - 12 = -4*r, 2*p + 6 = 25*r - 21*r. Determine l(r).
-12
Let l(r) = -r. Let w(x) = x**2 - 28*x + 82. Let q be w(25). Determine l(q).
-7
Let u be (-13)/5 + 2/(-5). Let c(a) = -2*a**2 + a. Let z(p) = -3*p**2 + p. Let j be (29 - 33)*10/(-8). Let d(g) = j*c(g) + u*z(g). Give d(5).
-15
Suppose 99*f + 6588 = -234*f - 216*f. Let v(c) be the second derivative of c**5/20 + 13*c**4/12 + 11*c**3/6 - 7*c**2/2 - c. Give v(f).
5
Let p = 4 + -10. Let j(m) = m**3 + 5*m**2 - 10*m - 15. Let d be j(-6). Let g(y) = 62*y - d + 13 - y**2 - 68*y. Determine g(p).
4
Let o(k) = k**3 - 14*k**2 + k - 11. Let t be o(14). Suppose t*l + 166 = 5*r, 5*r + 0*l - 172 = l. Suppose 6*d - r + 5 = 0. Let v(p) = -4*p + 5. Determine v(d).
-15
Let x be 3 - 5*(-2 + (-9)/(-3)). Let b(z) = -14*z - 139. Let v(p) = -3*p - 34. Let m(i) = x*b(i) + 9*v(i). Determine m(19).
-9
Let g(x) = x**2 + 6*x + 8. Let o be g(-6). Let j be (-5)/4 - (-2)/o. Let k(r) be the third derivative of r**4/24 + 153*r**2. Determine k(j).
-1
Suppose 4 = -2*b + 2*v, 2*b - 3*b + 5*v = 6. Let y(j) = -16*j**2 + 6*j + 157. Let n(s) = -31*s**2 + 11*s + 288. Let g(l) = -6*n(l) + 11*y(l). Give g(b).
9
Let o(a) = -a**3 - 12*a - 12*a - 2 + 5*a**2 - 7*a**2 + 34*a - 16*a. Determine o(-4).
54
Let u = 484 + -448. Let q be 332/u - 2/9 - 0. Let i(g) = g**2 - 12*g + 28. Give i(q).
1
Suppose -3*j - 4 = -j - 4*j. Let o(w) be the first derivative of 5 + 2*w + 1/2*w**j. Determine o(0).
2
Let k(l) = -l**3 - 10*l**2 - 2*l - 141. Let r be k(-11). Let i(o) = 21*o**r - 20*o**2 - 22*o - 3 + 16*o - 2. Give i(7).
2
Suppose -89 = -17*k - 55. Let p(t) = -8 + 846*t**2 + 848*t**k - 3*t + 845*t**2 - 2540*t**2. Determine p(-3).
-8
Let a(h) = -h - 10. Let p(v) be the third derivative of 1/120*v**6 + 0 + 14/3*v**3 + 0*v - 1/2*v**4 + 15*v**2 + 13/60*v**5. Let o be p(-14). Calculate a(o).
-10
Suppose -5 + 25 = -10*d. Suppose 15*v = 223 + 332. Let t(s) = 5*s - 18 + s**3 - 3*s + v + 3*s**2 - 17. Give t(d).
2
Let s(u) = -13*u**2 - 37*u + 23. Let r(h) = -2*h**2 - h + 3. Let p(o) = -6*r(o) + s(o). What is p(-30)?
35
Let v be -16*(7/(-2) - -3). Let g(n) = -20 - n - 1 + 37. Determine g(v).
8
Let r(n) = n**3 - 8*n**2 + 4*n + 1. Suppose 241*f = 295*f - 270. Determine r(f).
-54
Suppose 5*z - g + 1015 = 25, 0 = -4*z - 3*g - 773. Let l = z - -195. Let t(q) = 14*q + 3. Give t(l).
-25
Let f(p) = -2*p + 23. Let v(n) = -13*n + 171. Let o(m) = 15*f(m) - 2*v(m). Give o(-6).
27
Suppose 64*y = 271 - 1039. Let k(z) = 2*z + 21. What is k(y)?
-3
Let w be 12/594*9 + (-304)/(-22). Let k(j) = -2*j + 16. Calculate k(w).
-12
Let v(l) = -59*l**2 + 5. Let x(t) = 88*t**2 + t - 5. Let z(h) = 3*v(h) + 2*x(h). Give z(-2).
-3
Let t(r) = -r - 1. Suppose -108 = -2*g - 100. Suppose g*w - 32 = -4*p, 9*w + 3 = -4*p + 12*w. Calculate t(p).
-4
Let m(u) = u**3 - 21*u**2 + 13*u - 136. Let i be m(21). Suppose -10 = -i*n + 139*n. Let p(w) = -2*w - 9. Give p(n).
1
Let o(a) = a**3 + 5*a**2 - 2*a + 3. Let u(l) = 2*l**3 + 8*l**2 - 3*l - 17. Let b = -66 - -62. Let d be u(b). What is o(d)?
13
Let r(l) = -9*l + 6. Let m(t) = 4*t - 3. Let x(s) = 5*m(s) + 2*r(s). Let h(n) = -10*n + 16. Let u(a) = 4*h(a) + 22*x(a). Give u(-4).
-18
Let d(q) = -q**3 - 4*q**2 + 14*q + 11. Let s(z) = -7*z + 85. Let b be s(13). Let o be d(b). Let u(l) = 12*l**3 - l**2 + 1. Calculate u(o).
-12
Let g(d) = 8*d + 6. Let k(t) = -9*t - 5. Let p(n) = -3*g(n) - 4*k(n). Let r(m) = -62 - 67 + m**3 - 31*m**2 - 102*m + 127. Let h be r(34). Determine p(h).
-22
Let o = 43 - 38. Suppose -4*d + o*d = 5. Let g(s) = -6 - s**2 - 13*s + 2 + d*s - 1. Determine g(-6).
7
Let s(k) = -17 - 22 - 12 + 59 + 6*k - 13 + 2*k**2. Let u(i) = -i**3 - 2*i**2 + i - 4. Let m be u(0). Give s(m).
3
Let v(f) = 339*f - 1038. Let i be v(3). Let z(p) = 2*p + 20. Calculate z(i).
-22
Let i(f) = f**2 - 8*f - 15. Let p be i(10). Let h(j) be the third derivative of -j**6/120 + j**5/10 - 5*j**4/24 - j**3/2 + 53*j**2. Give h(p).
-3
Let u be 101/(-4) - ((-6)/(-20))/(48/(-40)). Let i(f) = f**3 + 20*f**2 - 125*f + 16. Calculate i(u).
16
Let b(h) be the third derivative of h**5/30 - 3*h**4/8 - h**3 + 18*h**2. Let d = -938 + 943. Calculate b(d).
-1
Let u(r) = -2*r**2 - 3*r**2 - 3 - 4*r + 6*r**2. Let a(q) = -q**2 - 25*q - 69. Let z be a(-22). Calculate u(z).
18
Let x(z) be the second derivative of z**3/3 - 75*z**2/2 - 15*z + 7. Determine x(0).
-75
Let q(j) be the first derivative of j**4/12 - 5*j**3/6 - 11*j**2/2 + 160*j - 63. Let y(z) be the first derivative of q(z). Determine y(8).
13
Let q(w) be the first derivative of -w**5/60 - w**4/2 - 3*w**3 + 21*w**2 - 1. Let l(a) be the second derivative of q(a). Calculate l(-9).
9
Let x = -15 - -7. Let m(z) be the third derivative of -z**6/120 - 3*z**5/20 - z**4/3 - z**3/3 + 260*z**2. Give m(x).
-2
Let n = -8624 + 8619. Let i(c) = 28*c + 16. What is i(n)?
-124
Let h = 4201 + -4199. Let x(w) be the second derivative of 5/2*w**h + 1/2*w**4 + 0 + 5/6*w**3 - 12*w + 1/20*w**5. Determine x(-5).
5
Let o(g) = -g**2 - 11*g - 6. Let t be o(-10). Suppose -2*q - t*s - 2 = 0, -5*s + 0*s = 3*q + 1. Let v(h) = -q + 8*h + h - 8*h. Calculate v(-3).
-6
Let k(v) be the second derivative of -2*v**4/3 - v**3/2 - v**2 - 2172*v. Determine k(3).
-83
Let c(o) = o + 2. Suppose 2*a - a - 3*d = 9, 5*a - 19 = 2*d. Suppose 9 = a*v, -3*n + 1 = -2*n + v. What is c(n)?
0
Let c(w) be the third derivative of 1/8*w**4 + 0*w - 1/6*w**3 + 240*w**2 + 0 - 1/20*w**5. Suppose -2*l - 14 = -5*g, l + 2*l = 3*g - 12. Calculate c(g).
-7
Let k(s) = s**3 + 6*s**2 + 6*s + 23. Suppose -16 = 23*g + 122. What is k(g)?
-13
Suppose -2*v = 5*s - 41, 8 = 4*v - 3*s - 61. Let d(l) = -l**3 + 19*l**2 - 17*l - 27. Give d(v).
-9
Let o(l) be the first derivative of -l**2/2 - 2*l - 1713. Give o(-6).
4
Let k(h) = -h**2 - 117*h + 1405. Let r be k(11). Let j(i) be the second derivative of -i**3 - i**2/2 + i. Calculate j(r).
17
Let g(w) be the second derivative of w**5/20 + w**4/4 + 2*w**3/3 + 5*w**2/2 + 773*w - 3. Let t(b) = -b**3 + 7*b**2 - 7*b + 4. Let l be t(6). Calculate g(l).
1
Let u(h) be the third derivative of -h**5/20 + 5*h**4/8 - 7*h**3/3 + 54*h**2. What is u(4)?
-2
Let d(n) be the third derivative of -n**4/24 - 13*n**3/6 + 460*n**2. Suppose 23 = -4*b - 21. Calculate d(b).
-2
Let n be 9 + -2 + 0 + 2. Let b(d) = -4*d**2 - 15*d - 28. Let h(p) = -p**2 - 4*p - 7. Let w(m) = n*h(m) - 2*b(m). Let k be (3 - 7)/2 - (5 - 1). Give w(k).
-7
Let g(o) = o**3 - 21*o**2 - 48*o + 56. Suppose 27*y = 26*y - 5*b + 3, -2*y = 4*b - 30. Calculate g(y).
10
Let l(a) = -a**3 - 3*a**2 + 4*a + 2. Let w(s) = s**2. Let k(x) = -3*x**2 + 23*x + 106. Let q(m) = -k(m) - 4*w(m). Let j be q(-17). Give l(j).
2
Let h(d) = d**2 + 7*d + 4. Suppose -2*k + 39 = -27. Let j = k + -40. Give h(j).
4
Let c(g) = 3 + 12947*g**2 - 12946*g**2 - 60*g**3 - 4. What is c(-1)?
60
Let z(v) = -8*v**3 + v**2 - 1. Let l = 8 + -153. Let q be l/(-58)*2/(-5). Determine z(q).
8
Suppose 240 = 13*z + 188. Suppose -p - 40 = -5*p + z*m, 0 = -2*p + 5*m + 29. Let w(f) = 3*f - 8. Give w(p).
13
Let f = 85 - 79. Let a(v) = -4*v - 6 + 15 + 6*v + f*v - v. Calculate a(-6).
-33
Suppose 93*p - 3*c = 94*p - 6, -2*p - c = -12. Let a(w) = w**3 - 6*w**2 + 5*w. Calculate a(p).
30
Let s be (-480)/(-90) + 3/(-9). Let o(r) = -4*r**2 + 15*r + 12. Let y(f) = -6*f**2 + 22*f + 18. Let p(j) = s*y(j) - 8*o(j). Calculate p(7).
22
Let j(w) = -2*w - 14. Let p be j(-10). Let t(g) = -128*g**3 - 7*g**2 - 7 + 51*g**3 + 7*g + 78*g**3. What is t(p)?
-1
Let g(v) be the third derivative of -v**6/120 - v**5/15 + v**4/3 + 23*v**3/6 - 1611*v**2. Give g(-5).
8
Let t(d) be the third derivative of d**8/2240 - d**5/120 - d**4/12 - 35*d**3/6 - 26*d**2. Let o(y) be the second derivative of t(y). Determine o(-1).
-4
Let w(z) = -12*z - 278. Let u be (-4)/(-14) + 1141*13/(-637). Determine w(u).
-2
Let x(i) = 2*i**2 - 8*i + 2. Suppose -320*j + 291*j = -87. What is x(j)?
-4
Let o = 421 - 428. Let q be -14 + 0/2 - o. Let i(c) = -c**3 - 6*c**2 + 8*c - 6. Determine i(q).
-13
Let i(c) = 9*c**2 - 2*c. Let k(a) = -136*a**2 + 38*a - 7. Let g(b) = 